d(p) = 11*p + 5*p**2 - 3*p + 6 - 3*p - 3*p. Let u be d(-2). Calculate the highest common divisor of u and 176.
22
Let p(w) = 4*w + 1. Let x be p(1). Let u(s) = 2*s**2 - 6*s - 18. Let z be u(x). Calculate the greatest common divisor of z and 6.
2
Let k = 27 + -32. Let r(g) = g**2 + 6*g - 2. Let i be r(k). Let y = i + 28. Calculate the greatest common factor of y and 21.
21
Let d(n) = n**3 + 4*n**2 + n + 1. Let h be d(-3). Let a = h + -5. Suppose -12 = 3*w, -6*w + a*w = -c + 96. What is the highest common divisor of 32 and c?
16
Let j be (-2 - 3)/(2/(-4)). Suppose 49 - 25 = 6*s. What is the greatest common factor of s and j?
2
Let s be (-99)/(-60)*12 - 2/(-10). What is the highest common divisor of s and 4?
4
Let d(a) = -7*a - 1. Let u be d(4). Let r = -16 - u. Suppose -46*x + 2613 = -1573. Calculate the greatest common divisor of r and x.
13
Let j be 600320/1540 + (-4)/(-22). Calculate the greatest common divisor of j and 50.
10
Suppose 4*p + 300 = 5*b, 0 = 2*p + 3*p. Let v = b - 35. Suppose 4 - v = -s. Calculate the highest common factor of s and 231.
21
Let g be (2 - 15)/(2/(-10)). Let u be (-4)/24*-4*3. Let i be (u/4)/((-3)/(-156)). What is the highest common factor of i and g?
13
Let h(w) = w**3 + 20*w**2 - 21*w + 10. Let t be h(-21). Suppose -t*q + 13 = -9*q. What is the greatest common divisor of 117 and q?
13
Suppose -2*p - p + 6 = 0. Suppose 3*w = -3*l + p*l + 40, -2*l + 56 = 4*w. Let y = -7664 - -7772. Calculate the highest common factor of y and w.
12
Suppose -3*q + 91*q - 165440 = 0. What is the greatest common factor of 40 and q?
40
Suppose 30 = -5*h + 120. Suppose m = 6*m - 30. Calculate the highest common divisor of m and h.
6
Suppose -3*g - y = -19, -48 = -3*g + 5*y - 17. What is the greatest common divisor of 7 and g?
7
Suppose 120 = 2*k - 6*k. Let l = -29 - k. Calculate the greatest common factor of l and 11.
1
Suppose -37*r = -35*r - 24. Suppose -13*j = -r*j - 17. Let n = 364 + -211. What is the greatest common factor of n and j?
17
Let x be 1180/100 + 6/5 + -1. What is the greatest common divisor of x and 126?
6
Suppose 3*t - 497 = -89. Suppose -2*m = -0*m - 3*w - 43, 5*w = 3*m - 66. What is the highest common factor of m and t?
17
Suppose -3*f = 2*f. Suppose 5*o - 16 - 9 = f. Let c = 17 - o. Calculate the highest common divisor of c and 12.
12
Let l be ((-3)/18*26)/((-4)/60). Let o = l - 15. What is the greatest common factor of o and 20?
10
Let y = 100 + -98. Suppose 5*k + 153 = 4*f, -3*f + k - y*k + 129 = 0. What is the highest common factor of 12 and f?
6
Let z = -808 + 2727. Calculate the highest common divisor of 19 and z.
19
Suppose 0 = 2*x + 424 - 1120. Calculate the highest common factor of 12 and x.
12
Suppose -2*h + 0*h = -12. Let v be -9*(h/9)/(-2). Suppose -105 = -4*u + 5*b, v*u = -3*b - 0*b + 99. What is the greatest common factor of u and 6?
6
Let g be ((-6)/(-3))/2 - (2 - 7). What is the highest common divisor of g and 144?
6
Let u be 2/(2 + 8/(-6)). Let v be 20/u*(-3 - -6). Suppose -2*j + 655 = 4*l + j, 780 = 5*l - 4*j. Calculate the highest common divisor of l and v.
20
Let s be 1*(-1 + 1720/5). Calculate the highest common factor of s and 7.
7
Let m be (28/20)/((-1)/(-65)). Calculate the greatest common factor of 117 and m.
13
Suppose -2*g = 5*v - 302, 4*g + 102 = -2*v + 722. Let x be 12/8*(0 - g/(-9)). Calculate the highest common factor of 130 and x.
26
Suppose -f + 1 + 0 = 0. Suppose -f = r + 8. Let m be r/(-6)*(-56)/(-12). Calculate the greatest common divisor of 14 and m.
7
Let b(c) = c + 4. Let y be b(0). Let q be (2/y)/(2/(-12)). Let l be (1 - (-20)/(-2))*q. Calculate the greatest common factor of 216 and l.
27
Let r(p) be the second derivative of -p**4/12 + 5*p**3/6 - 2*p**2 - 2*p. Let z be r(3). Suppose 0*a = z*a - 162. What is the greatest common factor of 9 and a?
9
Let t = -269 - -271. Suppose 0 = j + 4*z - 10, j - 19 - 1 = -t*z. Suppose 5*v - 28 = 2. What is the greatest common divisor of j and v?
6
Let v(k) = 31*k - 52. Let f be v(8). Calculate the highest common divisor of f and 56.
28
Suppose -10 = 6*z - 7*z. Suppose z*x + 500 = 14*x. Suppose -571 = -5*r + 2*u, -r + 0*r + x = 5*u. What is the greatest common factor of r and 23?
23
Let c be (64 - -46)*10/4. What is the highest common divisor of 25 and c?
25
Let x = 22 - -3. Suppose y = x - 15. What is the highest common divisor of y and 10?
10
Let s be 9*2*2/4. Suppose 0 = -29*b - 10*b + 351. What is the greatest common factor of b and s?
9
Suppose -4*h = -1 + 5. Let o = h - -9. What is the greatest common factor of 40 and o?
8
Suppose -6*p = -3*p + 120. Let j(f) = -f**2 + 2*f + 4. Let c be j(3). Let v be (p/50)/(c/(-25)). Calculate the greatest common divisor of v and 180.
20
Suppose 44 = 5*p - 21. Suppose 0*t + 18 = 2*t. Suppose t*x + 660 = p*x. Calculate the highest common factor of x and 15.
15
Let r = -1952 + 2000. Calculate the highest common factor of r and 1712.
16
Let g(w) = 11*w**2 - 54*w + 8. Let i be g(7). What is the greatest common factor of i and 26?
13
Suppose 0 = -2*b + 3*b. Suppose b = -4*f - 0*f + 416. Suppose 16 = 3*i - f. What is the highest common divisor of i and 5?
5
Suppose -27*d - 72 + 315 = 0. What is the greatest common factor of d and 2313?
9
Let f = 87 - 9. Calculate the highest common divisor of f and 273.
39
Let k(i) = 3*i**3 - i**2 - 4*i**3 + 4*i**2 + 4*i - 7. Let q be k(-3). What is the greatest common factor of q and 5?
5
Let q = -7 - -9. Suppose -q*h + 3 + 1 = 0. Suppose -5*g = -h*g - 9. Calculate the greatest common factor of g and 12.
3
Suppose -5*d - 600 = -11*d. Suppose -f = -8 - d. What is the highest common divisor of f and 24?
12
Suppose 6*g - 1136 = -128. Calculate the highest common divisor of 924 and g.
84
Let h(x) = -2*x**3 - 23*x**2 + 10*x - 4. Let g be h(-12). Calculate the highest common divisor of 290 and g.
10
Suppose 24*s - 7*s = 357. Let l(f) = -3*f**3 + 4*f**2 + 5*f + 3. Let w be l(-3). What is the highest common divisor of s and w?
21
Let g(r) = r**3 - 12*r**2 - 26*r - 15. Let c be (-12)/15*((-155)/10 - 2). Let u be g(c). Calculate the highest common factor of u and 26.
13
Suppose t - 2 = -0*t. Let k be (-100)/(-30)*(-4)/(8/(-3)). Suppose 0*p + 2*p - k*c - 19 = 0, -5*p + 5*c = -25. Calculate the greatest common factor of p and t.
2
Let i be 4/10 - 3*(-790)/75. Suppose x - 112 = -4*m, -3*x - 2*x + 484 = m. Calculate the highest common factor of i and x.
32
Suppose -3*q = -22*t + 19*t, q + 15 = 4*t. Calculate the greatest common divisor of 15 and t.
5
Let t(j) = -2*j**3 - 9*j**2 + 5*j + 52. Let p be t(-6). What is the highest common factor of p and 20?
10
Suppose 5*v - 30 = -3*a, 2*a = -2*v + 3*v + 7. What is the greatest common divisor of 384 and v?
3
Suppose 5*c + 2*d = -2*d + 2205, 2205 = 5*c + 2*d. Calculate the highest common divisor of 9 and c.
9
Suppose s + 5*l - 18 = 10, 0 = -3*s + 2*l + 33. Suppose s*g - 1344 = 528. Calculate the greatest common factor of 16 and g.
16
Let l = 45 + -41. Let c be (5 - (0 + l))*75. Let o be -3 + (-159)/(1 - 4). What is the highest common factor of c and o?
25
Let o be 1*-3*(-49)/21. Let d(n) = -n**2 + 4*n + 7. Let k be d(5). Suppose -x = k*x - 168. What is the greatest common factor of x and o?
7
Let l(c) = 2*c + 20. Let b be l(9). What is the highest common divisor of 342 and b?
38
Suppose o - 5*n - 23 = 0, 2*o - 2*n + 29 = 43. Calculate the highest common factor of o and 39.
3
Let f(r) = 4*r**2 + 9*r - 22. Let g be f(-7). Suppose -7*v + g = -8. Calculate the greatest common factor of 136 and v.
17
Suppose 2*l + 0 - 26 = 0. Let d = -343 + 460. Calculate the greatest common factor of d and l.
13
Let s be -1 + 1 - (-8 - 18). Let a = s + -10. What is the greatest common divisor of 128 and a?
16
Let l(q) = -4*q + 4. Let c be l(3). Let s = 13 + c. Suppose -s*a = 7 - 62. Calculate the highest common factor of 1 and a.
1
Suppose -5*s = -15 - 0. Suppose -s = -m + 3. Let r = 63 - 54. What is the highest common factor of m and r?
3
Let g(i) = i**3 + 6*i**2 - 2*i + 6. Let p be g(-6). Let q be 18/(-8) + 6/(-8). Let s be 8*q/14*-21. Calculate the highest common factor of s and p.
18
Let c be (248/(-16))/(2/(-4)). Let w = -29 + c. Suppose -w*s - 2*s = -4*j + 108, -2*j - 5*s + 26 = 0. What is the greatest common factor of 92 and j?
23
Suppose s - 57 = -b, b =